What is n(1)?
-12
Let v(n) = -15*n + 6*n - 3 + n + 3*n. Let f be (0 - -6)*2/(-4). Determine v(f).
12
Let v(r) = r**2 + 14*r + 48. Let a be v(-8). Let c(w) = -w**2 + 1. Let s(m) = 2*m**2 + m + 5. Let o(u) = 3*c(u) + s(u). Determine o(a).
8
Suppose z = -4, z + 4 = y - 6. Let g(m) = -6*m + m**2 - y + 2*m - m. What is g(5)?
-6
Let l(n) be the first derivative of -n**3/3 - 9*n**2/2 - 8*n - 15. What is l(-8)?
0
Let v(b) = 4 - 5*b**2 - 2 + 2 + 4*b**2 - 5*b. Determine v(-5).
4
Let z(t) = -4*t**2 - t + 1. Let j(c) = -5*c - 1. Let l be j(-1). Suppose -l*h + 9 = -4*q + q, 3*h = -4*q + 13. Calculate z(q).
-4
Suppose o - o = -3*o. Let z(t) = -4 + 3 + t**2 - t + 2. What is z(o)?
1
Let z(g) = -4 - 2 - g + 15 - 7. Give z(-2).
4
Suppose -8 = -4*p + 3*p - 3*i, 2*p = 3*i - 2. Suppose -3*q + k + 18 = -p*k, -4*k = -q + 15. Let f(y) = 5*y**2 - 3*y**q - 7 + 0*y - y + 4*y**3. Give f(-5).
-2
Suppose p + 3*n = -2*p, -p = -n - 4. Let u be ((-8)/12)/(p/9). Let j(y) = y**3 + y**2 - 3*y + 1. Give j(u).
-8
Let w(s) = -s + 5. Let o be (4 - (0 + -4))/(-2). What is w(o)?
9
Let f(h) = -3*h - 1. Let y be f(-1). Let z(d) = 3*d - 1. Give z(y).
5
Let q(v) = -2*v**3 + v**2 + 4*v - 3. Suppose 0 = 6*s - 1 - 11. Calculate q(s).
-7
Suppose 2*x - 4*q - q - 21 = 0, 6 = -3*x - 5*q. Let w(f) = -f**2 - 2*f + f + 0 - f + x. Let v be w(-3). Let k(b) = -b + 2. What is k(v)?
2
Let i(h) = -h + 5. Let x(b) = -b + 3. Let k be x(3). Let d be (-4 - -4)/(k - 1). What is i(d)?
5
Let p(n) = -n - 1. Suppose 4*r - 22 = -2*u, -3*r + 2*u - 28 = -8*r. Calculate p(r).
-7
Let a(d) = d - 11. Let m = 3 + -2. Let f = 6 - m. What is a(f)?
-6
Let n(v) be the second derivative of 7*v - 4/3*v**3 - 3/2*v**2 + 0 - 1/12*v**4. Give n(-6).
9
Let h(c) = -1. Let a(u) = 4*u + 5. Let n(j) = a(j) + 3*h(j). Let z(x) = 2*x**2 + 18*x - 3. Let t be z(-9). Calculate n(t).
-10
Let l(w) be the first derivative of w**4/4 + 4*w**3/3 - 3*w**2 - 4*w - 1. Let y = 13 + -8. Suppose -3*z - 2*x + 7*x + 10 = 0, -z + 2*x + y = 0. What is l(z)?
1
Let n(o) = o**3 - o**2 + o - 6. Suppose -y + 2 = 2*h, -y - 2 = -4. Give n(h).
-6
Let m = -7 - -3. Let f(h) = -4*h - 6*h**2 - h**3 + 6*h**2 - 5*h**2. What is f(m)?
0
Let d(u) = -4*u + 2. Let r(j) = 5*j - 3. Let x be (3 - 1) + 1/1. Suppose 0 = -3*v - v + i - 19, 3*i = -x. Let y(b) = v*r(b) - 6*d(b). Determine y(-3).
6
Let y(g) be the second derivative of 0 - 3*g**2 + 1/12*g**4 - 7/6*g**3 - 2*g. Calculate y(7).
-6
Let k(d) = -3*d + 7. Let c(s) = 13*s - 9. Let r(b) = -12*b + 10. Let x(n) = -5*c(n) - 6*r(n). Let l(q) = -13*k(q) - 6*x(q). Give l(2).
-7
Let k(q) = -3*q - 1. Let p(f) = 3*f + 1. Let i(n) = 3*k(n) + 4*p(n). Determine i(2).
7
Let c(o) = -o - 8. Let j be c(-5). Let y(k) = -k**3 - k**2 + 2*k. Let s(l) = -2*l**3 - 3*l**2 + 3*l + 1. Let h(n) = -3*s(n) + 5*y(n). Determine h(j).
3
Let n(t) = -t**2 + 3*t - 12. Let x(z) = -z + 2. Let g(k) = -n(k) - 4*x(k). What is g(-3)?
10
Suppose 2*o + 19 = 5*x, 3*x + 2 = 4*o + 5. Let r(a) = 11 + 4*a - 5 - o*a. Determine r(-5).
1
Let r = 10 + -7. Let a(u) = -u**2 + 3*u + 2. Determine a(r).
2
Let p be (-14)/6 + (-3)/(-9). Let i = p + 5. Let k(m) = 6*m**3 + 2*m + 1 + 4*m**3 - i*m**3 + 2*m**2. What is k(-1)?
-6
Let g(c) be the second derivative of -c**3/6 - c. Let o be -11 - (0 - 1 - 2). Let a = 3 + o. Calculate g(a).
5
Let g(n) = n + 6. Suppose 4*d = -0 - 28. Determine g(d).
-1
Let r(h) = -h**3 + 6*h**2 - 5*h - 1. Let p be r(5). Let y(a) be the second derivative of 0 - 6*a - 1/6*a**3 - 1/2*a**2. What is y(p)?
0
Let v(r) = 6*r + 1. Suppose -2*u - 4*i - 21 = -u, -2*i = -5*u - 39. Let g(d) = d**3 - 2*d**2 - 1. Let f be g(3). Let a = f + u. Determine v(a).
-5
Let c(g) = g**2 - g - 2. Let b be c(0). Let w(p) = 2*p + 1. Calculate w(b).
-3
Let p(g) = -3*g + g**2 + 9*g - 31 + 33. Give p(-3).
-7
Let c(o) = -2*o**2 + 7*o - 4. Suppose -7*q + 8 + 20 = 0. Calculate c(q).
-8
Let t(f) be the first derivative of -3/2*f**2 - 4*f - 3 + 1/3*f**3. Determine t(5).
6
Let w(s) = 2*s**2 - s + 4. Let p(h) = h**2 + 4. Let j(c) = -3*p(c) + 2*w(c). Let q be (4 - 6)*7/2. Let r = q + 4. Determine j(r).
11
Let x(u) = 7 - 34 + 6 - u + 11. Determine x(-11).
1
Let a(r) = -20*r**2 + 26*r - 6. Let m(z) = -7*z**2 + 9*z - 2. Let i(u) = -6*a(u) + 17*m(u). What is i(3)?
2
Let b(p) = -2*p + 2. Suppose 5*d - 4*c + 8 + 9 = 0, -7 = 4*d - c. Let y be b(d). Let i(g) = g**2 - 2*g + 5. What is i(y)?
13
Let i be ((-4)/5)/((-10)/75). Let y(l) = l**2 - 7*l + 7. Calculate y(i).
1
Let t(i) = -i**3 - 6*i**2 - 4*i + 3. Let a be (8*1)/(2 - 0). Suppose 0 = -2*z + a*z - 20. Suppose z = -4*v - 10. Determine t(v).
-2
Suppose 15 = 5*r - 10. Let f = r - 4. Let x(m) = 5*m + 1. Give x(f).
6
Suppose -3*p = -5 - 1. Let b(m) = 3*m + 6*m**p + 5*m + m**3 - 2*m. Give b(-5).
-5
Suppose -4*q + 53 = 13. Let a(i) = -i + 5*i - 3*i - 7*i**2 - q - 5. Let m(s) = -3*s**2 + s - 7. Let r(w) = 4*a(w) - 9*m(w). What is r(-5)?
3
Let h(r) be the second derivative of r**3/3 - 2*r**2 - r. Let v(x) be the first derivative of 3*x**2/2 - 7*x + 2. Let c(f) = -7*h(f) + 4*v(f). Give c(1).
-2
Let w(m) be the third derivative of m**5/60 + m**4/6 + m**3/6 - 4*m**2. Let j(a) be the first derivative of w(a). Calculate j(-5).
-6
Suppose 4*m + 3 = z, -4*z + 2*z = m - 6. Let o(b) be the first derivative of 0*b - 2*b**2 + 1/4*b**4 - z + 4/3*b**3. Give o(-5).
-5
Let s(h) be the third derivative of -h**4/24 - 7*h**3/3 + 5*h**2. Give s(-6).
-8
Let i = 3 + -15. Let k be 32/i*3/(-2). Let c(q) = 7 - 7 + q - 1. Determine c(k).
3
Let q(k) = -k**3 + 24*k**2 - 22*k - 26. Let i be q(23). Let w(b) = b**2 - 2*b + 1 - b**2 - b**2. What is w(i)?
-2
Let g(l) = 3*l**3 - 7*l**2 - 6*l - 5. Let f(p) = -7*p**3 + 14*p**2 + 11*p + 11. Let s(v) = 2*f(v) + 5*g(v). Give s(8).
-3
Let f(x) = -x - 3. Let h = -11 + 18. Suppose -5*n + 36 = 4*o + h, -24 = -5*n + o. Suppose -3*p = -n*a - 7*p - 14, 3*a + 7 = -p. Give f(a).
-1
Suppose 0 = -4*h + 2*x - 14, 0 = -x - 1 - 0. Let o be -1 - 1*(-4)/h. Let u(q) = -q**2 - q - 1. Give u(o).
-3
Suppose 5*i - w - 23 = 0, i + 4*w = -0*w - 8. Let r(p) = p**3 - 4*p**2 + 4*p - 1. Give r(i).
15
Let u be 32/6 + -6 + (-119)/(-21). Let s(p) be the third derivative of 5/24*p**4 + p**3 + 0 - p**2 + 1/60*p**u + 0*p. Calculate s(-5).
6
Suppose t + 3*t = -16. Let c(v) = 4*v**3 + 7*v**2 + 13*v - 4. Let o(h) = -h**3 - 2*h**2 - 3*h + 1. Let u(y) = 2*c(y) + 9*o(y). Determine u(t).
5
Let w(p) be the first derivative of -7*p**3/3 + 85. Let i = -3 + 2. Determine w(i).
-7
Suppose 4*v - 6*v + 2 = -2*a, -4*a + 12 = 0. Let b(r) = -2 - r**2 - v*r + 2*r**2 + r. Let i = 11 - 8. What is b(i)?
-2
Let s(f) = -f**3 - f**2 + 7. Let w be s(0). Let z = -3 + w. Let l(y) be the second derivative of y**5/20 - y**4/4 - y**3 + 3*y**2/2 - 2*y. What is l(z)?
-5
Let c(u) = 7*u**2 - u - 2. Let q(x) = 3*x**2 - 2*x - 4*x**2 + 1 + 3*x. Let y(p) = c(p) + 6*q(p). Give y(-5).
4
Let i(c) be the second derivative of -c**3/6 + 3*c + 5. What is i(6)?
-6
Suppose -3*c + 8 = 32. Let h(d) = -d**2 - 8*d. Let n be h(c). Let l be n*(-3)/6*-1. Let f(b) = -b**3 + b**2 - b - 6. Give f(l).
-6
Let k(g) = 5*g - 7. Let r(f) = -5*f + 6. Let u(a) = -5*k(a) - 6*r(a). Determine u(2).
9
Suppose 5*j = -0*j + 50. Let l = j - 6. Let q(i) = -2*i**2 + i**2 + 6*i + l*i**2 - i**3 - 1. What is q(4)?
7
Let c(x) = 4*x - 3. Suppose -3*z + i + 13 = 0, i = -i - 8. Calculate c(z).
9
Let g(j) be the first derivative of 2*j**3/3 + j + 5. Determine g(-1).
3
Let v(a) = 9*a - 1. Let t = -1 + 1. Suppose q - 6*q = t. Suppose q = -2*f + 2. What is v(f)?
8
Let u(t) = -83 + 264 + t - 92 - 90. Give u(0).
-1
Let k = -10 + 7. Let q(p) = -1. Let g(r) = -r - 2. Let l(z) = -g(z) + 3*q(z). Give l(k).
-4
Let v(r) = -r**3 + r**2 + r + 10. Suppose -2*d + x - 1 = -8, -5*x + 4 = 3*d. Let o = 8 - 5. Suppose 0 = d*s + o, -3*l - 4 = -2*l + 4*s. Give v(l).
10
Let h(v) = 1. Suppose f + 0 = 4. Let c(o) = 2*o + 10. Let z(a) = f*h(a) - c(a). Determine z(-7).
8
Let j be 5/(3/(12/10)). Let m(b) = b**3 - b**2 - 2. Give m(j).
2
Let b(n) = 5*n**3 + 6*n**2 + n + 2. Let a(m) = m**3 - m. Let r(z) = -4*a(z) + b(z). What is r(-5)?
2
Let a(i) = -i + 5 - 3 + 5. Suppose -5*b = -3*b - 6. What is a(b)?
4
Let o(i) be the first derivative of i**4/4 - i - 3. Let b be o(1). Let l(m) be the third derivative of -m**5/60 + 7*m**3/6 + 2*m**2. What is l(b)?
7
Let k(v) = -v**2 - 3*v + 3. Suppose -o - 